CRAN Package Check Results for Package DSBayes

Last updated on 2025-04-29 01:49:31 CEST.

Flavor Version Tinstall Tcheck Ttotal Status Flags
r-devel-linux-x86_64-debian-clang 2023.1.0 1.49 20.16 21.65 OK
r-devel-linux-x86_64-debian-gcc 2023.1.0 1.36 16.25 17.61 NOTE
r-devel-linux-x86_64-fedora-clang 2023.1.0 34.32 OK
r-devel-linux-x86_64-fedora-gcc 2023.1.0 32.62 OK
r-devel-windows-x86_64 2023.1.0 3.00 39.00 42.00 OK
r-patched-linux-x86_64 2023.1.0 1.84 19.45 21.29 OK
r-release-linux-x86_64 2023.1.0 1.79 19.53 21.32 OK
r-release-macos-arm64 2023.1.0 30.00 OK
r-release-macos-x86_64 2023.1.0 24.00 OK
r-release-windows-x86_64 2023.1.0 2.00 40.00 42.00 OK
r-oldrel-macos-arm64 2023.1.0 16.00 OK
r-oldrel-macos-x86_64 2023.1.0 22.00 OK
r-oldrel-windows-x86_64 2023.1.0 3.00 43.00 46.00 OK

Check Details

Version: 2023.1.0
Check: CRAN incoming feasibility
Result: NOTE Maintainer: ‘Ravi Varadhan <ravi.varadhan@jhu.edu>’ No Authors@R field in DESCRIPTION. Please add one, modifying Authors@R: c(person(given = "Ravi", family = "Varadhan", role = c("aut", "cre"), email = "ravi.varadhan@jhu.edu"), person(given = "Wenliang", family = "Yao", role = "aut")) as necessary. Flavor: r-devel-linux-x86_64-debian-gcc