Last updated on 2025-04-29 01:49:31 CEST.
Flavor | Version | Tinstall | Tcheck | Ttotal | Status | Flags |
---|---|---|---|---|---|---|
r-devel-linux-x86_64-debian-clang | 2.3 | 34.71 | 291.03 | 325.74 | OK | |
r-devel-linux-x86_64-debian-gcc | 2.3 | 21.09 | 189.16 | 210.25 | NOTE | |
r-devel-linux-x86_64-fedora-clang | 2.3 | 569.15 | OK | |||
r-devel-linux-x86_64-fedora-gcc | 2.3 | 547.79 | OK | |||
r-devel-windows-x86_64 | 2.3 | 29.00 | 220.00 | 249.00 | OK | |
r-patched-linux-x86_64 | 2.3 | 31.35 | 280.82 | 312.17 | OK | |
r-release-linux-x86_64 | 2.3 | 34.07 | 276.03 | 310.10 | OK | |
r-release-macos-arm64 | 2.3 | 120.00 | OK | |||
r-release-macos-x86_64 | 2.3 | 255.00 | OK | |||
r-release-windows-x86_64 | 2.3 | 30.00 | 235.00 | 265.00 | OK | |
r-oldrel-macos-arm64 | 2.3 | 119.00 | OK | |||
r-oldrel-macos-x86_64 | 2.3 | 190.00 | OK | |||
r-oldrel-windows-x86_64 | 2.3 | 43.00 | 347.00 | 390.00 | OK |
Version: 2.3
Check: CRAN incoming feasibility
Result: NOTE
Maintainer: ‘Alvaro Briz-Redon <alvaro.briz@uv.es>’
No Authors@R field in DESCRIPTION.
Please add one, modifying
Authors@R: person(given = "Alvaro",
family = "Briz-Redon",
role = c("aut", "cre"),
email = "alvaro.briz@uv.es")
as necessary.
Flavor: r-devel-linux-x86_64-debian-gcc