Last updated on 2025-05-19 01:49:52 CEST.
Flavor | Version | Tinstall | Tcheck | Ttotal | Status | Flags |
---|---|---|---|---|---|---|
r-devel-linux-x86_64-debian-clang | 3.5 | 103.70 | 273.93 | 377.63 | OK | |
r-devel-linux-x86_64-debian-gcc | 3.5 | 80.10 | 187.59 | 267.69 | OK | |
r-devel-linux-x86_64-fedora-clang | 3.5 | 675.22 | OK | |||
r-devel-linux-x86_64-fedora-gcc | 3.5 | 640.02 | OK | |||
r-devel-windows-x86_64 | 3.5 | 120.00 | 252.00 | 372.00 | OK | |
r-patched-linux-x86_64 | 3.5 | 112.86 | 255.60 | 368.46 | OK | |
r-release-linux-x86_64 | 3.5 | 114.26 | 255.36 | 369.62 | OK | |
r-release-macos-arm64 | 3.5 | 204.00 | OK | |||
r-release-macos-x86_64 | 3.5 | 240.00 | OK | |||
r-release-windows-x86_64 | 3.5 | 116.00 | 260.00 | 376.00 | OK | |
r-oldrel-macos-arm64 | 3.5 | 148.00 | NOTE | |||
r-oldrel-macos-x86_64 | 3.5 | 236.00 | NOTE | |||
r-oldrel-windows-x86_64 | 3.5 | 144.00 | 353.00 | 497.00 | OK |
Version: 3.5
Check: installed package size
Result: NOTE
installed size is 9.8Mb
sub-directories of 1Mb or more:
data 1.6Mb
libs 7.9Mb
Flavors: r-oldrel-macos-arm64, r-oldrel-macos-x86_64