Last updated on 2025-04-29 01:49:31 CEST.
Flavor | Version | Tinstall | Tcheck | Ttotal | Status | Flags |
---|---|---|---|---|---|---|
r-devel-linux-x86_64-debian-clang | 0.1.0 | 2.09 | 26.27 | 28.36 | OK | |
r-devel-linux-x86_64-debian-gcc | 0.1.0 | 1.53 | 22.68 | 24.21 | NOTE | |
r-devel-linux-x86_64-fedora-clang | 0.1.0 | 46.06 | OK | |||
r-devel-linux-x86_64-fedora-gcc | 0.1.0 | 57.28 | OK | |||
r-devel-windows-x86_64 | 0.1.0 | 4.00 | 49.00 | 53.00 | OK | |
r-patched-linux-x86_64 | 0.1.0 | 2.19 | 25.72 | 27.91 | OK | |
r-release-linux-x86_64 | 0.1.0 | 1.74 | 26.00 | 27.74 | OK | |
r-release-macos-arm64 | 0.1.0 | 34.00 | OK | |||
r-release-macos-x86_64 | 0.1.0 | 45.00 | OK | |||
r-release-windows-x86_64 | 0.1.0 | 3.00 | 52.00 | 55.00 | OK | |
r-oldrel-macos-arm64 | 0.1.0 | 25.00 | OK | |||
r-oldrel-macos-x86_64 | 0.1.0 | 38.00 | OK | |||
r-oldrel-windows-x86_64 | 0.1.0 | 4.00 | 51.00 | 55.00 | OK |
Version: 0.1.0
Check: CRAN incoming feasibility
Result: NOTE
Maintainer: ‘Erik Thorsén <erik.thorsen@math.su.se>’
The Description field contains
(<arXiv:2106.02131>). Two dynamic shrinkage estimators are available
Please refer to arXiv e-prints via their arXiv DOI <doi:10.48550/arXiv.YYMM.NNNNN>.
Flavor: r-devel-linux-x86_64-debian-gcc