Last updated on 2025-04-29 13:51:21 CEST.
Flavor | Version | Tinstall | Tcheck | Ttotal | Status | Flags |
---|---|---|---|---|---|---|
r-devel-linux-x86_64-debian-clang | 1.1 | 7.38 | 58.60 | 65.98 | NOTE | |
r-devel-linux-x86_64-debian-gcc | 1.1 | 5.31 | 43.52 | 48.83 | NOTE | |
r-devel-linux-x86_64-fedora-clang | 1.1 | 102.12 | OK | |||
r-devel-linux-x86_64-fedora-gcc | 1.1 | 97.50 | OK | |||
r-devel-windows-x86_64 | 1.1 | 7.00 | 74.00 | 81.00 | OK | |
r-patched-linux-x86_64 | 1.1 | 7.66 | 55.96 | 63.62 | OK | |
r-release-linux-x86_64 | 1.1 | 7.61 | 56.31 | 63.92 | OK | |
r-release-macos-arm64 | 1.1 | 31.00 | OK | |||
r-release-macos-x86_64 | 1.1 | 63.00 | OK | |||
r-release-windows-x86_64 | 1.1 | 8.00 | 79.00 | 87.00 | OK | |
r-oldrel-macos-arm64 | 1.1 | 31.00 | OK | |||
r-oldrel-macos-x86_64 | 1.1 | 48.00 | OK | |||
r-oldrel-windows-x86_64 | 1.1 | 11.00 | 88.00 | 99.00 | OK |
Version: 1.1
Check: CRAN incoming feasibility
Result: NOTE
Maintainer: ‘Qingyang Zhang <qz008@uark.edu>’
No Authors@R field in DESCRIPTION.
Please add one, modifying
Authors@R: person(given = "Qingyang",
family = "Zhang",
role = c("aut", "cre"),
email = "qz008@uark.edu")
as necessary.
Flavors: r-devel-linux-x86_64-debian-clang, r-devel-linux-x86_64-debian-gcc