Last updated on 2025-05-18 12:49:59 CEST.
Flavor | Version | Tinstall | Tcheck | Ttotal | Status | Flags |
---|---|---|---|---|---|---|
r-devel-linux-x86_64-debian-clang | 1.0.0.1 | 56.31 | 106.96 | 163.27 | OK | |
r-devel-linux-x86_64-debian-gcc | 1.0.0.1 | 42.46 | 79.08 | 121.54 | OK | |
r-devel-linux-x86_64-fedora-clang | 1.0.0.1 | 294.61 | OK | |||
r-devel-linux-x86_64-fedora-gcc | 1.0.0.1 | 300.70 | OK | |||
r-devel-windows-x86_64 | 1.0.0.1 | 65.00 | 133.00 | 198.00 | OK | |
r-patched-linux-x86_64 | 1.0.0.1 | 57.57 | 101.39 | 158.96 | OK | |
r-release-linux-x86_64 | 1.0.0.1 | 57.27 | 102.17 | 159.44 | OK | |
r-release-macos-arm64 | 1.0.0.1 | 77.00 | OK | |||
r-release-macos-x86_64 | 1.0.0.1 | 108.00 | OK | |||
r-release-windows-x86_64 | 1.0.0.1 | 66.00 | 141.00 | 207.00 | OK | |
r-oldrel-macos-arm64 | 1.0.0.1 | 77.00 | NOTE | |||
r-oldrel-macos-x86_64 | 1.0.0.1 | 98.00 | NOTE | |||
r-oldrel-windows-x86_64 | 1.0.0.1 | 77.00 | 168.00 | 245.00 | OK |
Version: 1.0.0.1
Check: installed package size
Result: NOTE
installed size is 5.6Mb
sub-directories of 1Mb or more:
libs 4.4Mb
Flavors: r-oldrel-macos-arm64, r-oldrel-macos-x86_64