CRAN Package Check Results for Package DDL

Last updated on 2025-07-21 01:49:02 CEST.

Flavor Version Tinstall Tcheck Ttotal Status Flags
r-devel-linux-x86_64-debian-clang 1.0.2 1.79 30.98 32.77 NOTE
r-devel-linux-x86_64-debian-gcc 1.0.2 1.36 24.90 26.26 NOTE
r-devel-linux-x86_64-fedora-clang 1.0.2 50.07 OK
r-devel-linux-x86_64-fedora-gcc 1.0.2 47.99 OK
r-devel-windows-x86_64 1.0.2 3.00 54.00 57.00 OK
r-patched-linux-x86_64 1.0.2 1.71 30.17 31.88 OK
r-release-linux-x86_64 1.0.2 1.78 29.35 31.13 OK
r-release-macos-arm64 1.0.2 23.00 OK
r-release-macos-x86_64 1.0.2 47.00 OK
r-release-windows-x86_64 1.0.2 3.00 55.00 58.00 OK
r-oldrel-macos-arm64 1.0.2 20.00 OK
r-oldrel-macos-x86_64 1.0.2 32.00 OK
r-oldrel-windows-x86_64 1.0.2 4.00 64.00 68.00 OK

Check Details

Version: 1.0.2
Check: CRAN incoming feasibility
Result: NOTE Maintainer: ‘Zijian Guo <zijguo@stat.rutgers.edu>’ The Description field contains Debiased Lasso method was proposed in <arXiv:2004.03758>. Please refer to arXiv e-prints via their arXiv DOI <doi:10.48550/arXiv.YYMM.NNNNN>. Flavors: r-devel-linux-x86_64-debian-clang, r-devel-linux-x86_64-debian-gcc