Last updated on 2024-06-30 00:59:12 CEST.
Flavor | Version | Tinstall | Tcheck | Ttotal | Status | Flags |
---|---|---|---|---|---|---|
r-devel-linux-x86_64-debian-clang | 0.5.3 | 398.59 | 155.62 | 554.21 | NOTE | |
r-devel-linux-x86_64-debian-gcc | 0.5.3 | 330.46 | 128.57 | 459.03 | NOTE | |
r-devel-linux-x86_64-fedora-clang | 0.5.3 | 697.26 | NOTE | |||
r-devel-linux-x86_64-fedora-gcc | 0.5.3 | 917.15 | NOTE | |||
r-devel-windows-x86_64 | 0.5.3 | 297.00 | 146.00 | 443.00 | NOTE | |
r-patched-linux-x86_64 | 0.5.3 | 332.09 | 171.51 | 503.60 | NOTE | |
r-release-linux-x86_64 | 0.5.3 | 322.49 | 174.22 | 496.71 | NOTE | |
r-release-macos-arm64 | 0.5.3 | 163.00 | NOTE | |||
r-release-macos-x86_64 | 0.5.3 | 220.00 | NOTE | |||
r-release-windows-x86_64 | 0.5.3 | 281.00 | 146.00 | 427.00 | NOTE | |
r-oldrel-macos-arm64 | 0.5.3 | 174.00 | NOTE | |||
r-oldrel-macos-x86_64 | 0.5.3 | 283.00 | NOTE | |||
r-oldrel-windows-x86_64 | 0.5.3 | 390.00 | 192.00 | 582.00 | NOTE |
Version: 0.5.3
Check: for GNU extensions in Makefiles
Result: NOTE
GNU make is a SystemRequirements.
Flavors: r-devel-linux-x86_64-debian-clang, r-devel-linux-x86_64-debian-gcc, r-devel-linux-x86_64-fedora-clang, r-devel-linux-x86_64-fedora-gcc, r-devel-windows-x86_64, r-patched-linux-x86_64, r-release-linux-x86_64, r-release-macos-arm64, r-release-macos-x86_64, r-release-windows-x86_64, r-oldrel-macos-arm64, r-oldrel-macos-x86_64, r-oldrel-windows-x86_64
Version: 0.5.3
Check: data for non-ASCII characters
Result: NOTE
Note: found 38 marked UTF-8 strings
Flavors: r-devel-linux-x86_64-fedora-clang, r-devel-linux-x86_64-fedora-gcc
Version: 0.5.3
Check: installed package size
Result: NOTE
installed size is 84.0Mb
sub-directories of 1Mb or more:
libs 83.6Mb
Flavors: r-release-macos-arm64, r-release-macos-x86_64, r-oldrel-macos-arm64, r-oldrel-macos-x86_64