CRAN Package Check Results for Package DCEtool

Last updated on 2025-05-19 01:49:51 CEST.

Flavor Version Tinstall Tcheck Ttotal Status Flags
r-devel-linux-x86_64-debian-clang 1.1.0 12.69 92.85 105.54 OK
r-devel-linux-x86_64-debian-gcc 1.1.0 8.45 65.31 73.76 OK
r-devel-linux-x86_64-fedora-clang 1.1.1 161.95 NOTE
r-devel-linux-x86_64-fedora-gcc 1.1.0 168.72 NOTE
r-devel-windows-x86_64 1.1.0 13.00 97.00 110.00 OK
r-patched-linux-x86_64 1.1.0 11.09 87.53 98.62 OK
r-release-linux-x86_64 1.1.0 11.94 88.72 100.66 OK
r-release-macos-arm64 1.1.1 72.00 OK
r-release-macos-x86_64 1.1.0 95.00 OK
r-release-windows-x86_64 1.1.0 14.00 97.00 111.00 OK
r-oldrel-macos-arm64 1.1.1 63.00 OK
r-oldrel-macos-x86_64 1.1.0 87.00 OK
r-oldrel-windows-x86_64 1.1.0 19.00 123.00 142.00 OK

Check Details

Version: 1.1.1
Check: dependencies in R code
Result: NOTE Namespaces in Imports field not imported from: ‘knitr’ ‘usethis’ All declared Imports should be used. Flavor: r-devel-linux-x86_64-fedora-clang

Version: 1.1.0
Check: dependencies in R code
Result: NOTE Namespace in Imports field not imported from: ‘knitr’ All declared Imports should be used. Flavor: r-devel-linux-x86_64-fedora-gcc