Last updated on 2024-08-16 12:49:06 CEST.
Flavor | Version | Tinstall | Tcheck | Ttotal | Status | Flags |
---|---|---|---|---|---|---|
r-devel-linux-x86_64-debian-clang | 3.4.1 | 190.38 | 106.07 | 296.45 | NOTE | |
r-devel-linux-x86_64-debian-gcc | 3.4.1 | 147.24 | 75.51 | 222.75 | NOTE | |
r-devel-linux-x86_64-fedora-clang | 3.4.1 | 565.49 | NOTE | |||
r-devel-linux-x86_64-fedora-gcc | 3.4.1 | 627.22 | OK | |||
r-devel-windows-x86_64 | 3.4.1 | 233.00 | 157.00 | 390.00 | NOTE | |
r-patched-linux-x86_64 | 3.4.1 | 209.08 | 102.01 | 311.09 | OK | |
r-release-linux-x86_64 | 3.4.1 | 219.81 | 104.03 | 323.84 | OK | |
r-release-macos-arm64 | 3.4.1 | 134.00 | NOTE | |||
r-release-macos-x86_64 | 3.4.1 | 282.00 | NOTE | |||
r-release-windows-x86_64 | 3.4.1 | 217.00 | 154.00 | 371.00 | OK | |
r-oldrel-macos-arm64 | 3.4.1 | 131.00 | NOTE | |||
r-oldrel-macos-x86_64 | 3.4.1 | 226.00 | NOTE | |||
r-oldrel-windows-x86_64 | 3.4.1 | 279.00 | 196.00 | 475.00 | OK |
Version: 3.4.1
Check: Rd cross-references
Result: NOTE
Found the following Rd file(s) with Rd \link{} targets missing package
anchors:
createCyclopsData.Rd: Matrix
Please provide package anchors for all Rd \link{} targets not in the
package itself and the base packages.
Flavors: r-devel-linux-x86_64-debian-clang, r-devel-linux-x86_64-debian-gcc, r-devel-windows-x86_64
Version: 3.4.1
Check: installed package size
Result: NOTE
installed size is 9.1Mb
sub-directories of 1Mb or more:
libs 8.2Mb
Flavors: r-devel-linux-x86_64-fedora-clang, r-release-macos-arm64, r-release-macos-x86_64, r-oldrel-macos-arm64, r-oldrel-macos-x86_64