Last updated on 2024-08-16 12:49:06 CEST.
Flavor | Version | Tinstall | Tcheck | Ttotal | Status | Flags |
---|---|---|---|---|---|---|
r-devel-linux-x86_64-debian-clang | 1.0.2 | 37.16 | 459.31 | 496.47 | OK | |
r-devel-linux-x86_64-debian-gcc | 1.0.2 | 25.84 | 299.73 | 325.57 | OK | |
r-devel-linux-x86_64-fedora-clang | 1.0.2 | 804.29 | NOTE | |||
r-devel-linux-x86_64-fedora-gcc | 1.0.2 | 769.94 | OK | |||
r-devel-windows-x86_64 | 1.0.2 | 37.00 | 383.00 | 420.00 | NOTE | |
r-patched-linux-x86_64 | 1.0.2 | 35.49 | 429.38 | 464.87 | OK | |
r-release-linux-x86_64 | 1.0.2 | 33.38 | 433.55 | 466.93 | OK | |
r-release-macos-arm64 | 1.0.2 | 170.00 | NOTE | |||
r-release-macos-x86_64 | 1.0.2 | 268.00 | NOTE | |||
r-release-windows-x86_64 | 1.0.2 | 41.00 | 386.00 | 427.00 | NOTE | |
r-oldrel-macos-arm64 | 1.0.2 | 120.00 | NOTE | |||
r-oldrel-macos-x86_64 | 1.0.2 | 225.00 | NOTE | |||
r-oldrel-windows-x86_64 | 1.0.2 | 51.00 | 507.00 | 558.00 | NOTE |
Version: 1.0.2
Check: installed package size
Result: NOTE
installed size is 5.4Mb
sub-directories of 1Mb or more:
data 1.2Mb
doc 2.9Mb
Flavors: r-devel-linux-x86_64-fedora-clang, r-devel-windows-x86_64, r-release-macos-arm64, r-release-macos-x86_64, r-release-windows-x86_64, r-oldrel-macos-arm64, r-oldrel-macos-x86_64, r-oldrel-windows-x86_64