Last updated on 2025-04-29 01:49:29 CEST.
Flavor | Version | Tinstall | Tcheck | Ttotal | Status | Flags |
---|---|---|---|---|---|---|
r-devel-linux-x86_64-debian-clang | 1.2.3 | 3.38 | 28.92 | 32.30 | OK | |
r-devel-linux-x86_64-debian-gcc | 1.2.3 | 2.72 | 23.27 | 25.99 | NOTE | |
r-devel-linux-x86_64-fedora-clang | 1.2.3 | 51.29 | OK | |||
r-devel-linux-x86_64-fedora-gcc | 1.2.3 | 49.61 | OK | |||
r-devel-windows-x86_64 | 1.2.3 | 4.00 | 50.00 | 54.00 | OK | |
r-patched-linux-x86_64 | 1.2.3 | 3.59 | 27.87 | 31.46 | OK | |
r-release-linux-x86_64 | 1.2.3 | 3.02 | 27.92 | 30.94 | OK | |
r-release-macos-arm64 | 1.2.3 | 33.00 | OK | |||
r-release-macos-x86_64 | 1.2.3 | 49.00 | OK | |||
r-release-windows-x86_64 | 1.2.3 | 4.00 | 52.00 | 56.00 | OK | |
r-oldrel-macos-arm64 | 1.2.3 | 29.00 | OK | |||
r-oldrel-macos-x86_64 | 1.2.3 | 32.00 | OK | |||
r-oldrel-windows-x86_64 | 1.2.3 | 4.00 | 55.00 | 59.00 | OK |
Version: 1.2.3
Check: CRAN incoming feasibility
Result: NOTE
Maintainer: ‘Pierre Lafaye De Micheaux <lafaye@unsw.edu.au>’
Package CITATION file contains call(s) to old-style personList() or
as.personList(). Please use c() on person objects instead.
Package CITATION file contains call(s) to old-style citEntry(). Please
use bibentry() instead.
Flavor: r-devel-linux-x86_64-debian-gcc