CRAN Package Check Results for Package ContaminatedMixt

Last updated on 2025-07-20 12:49:22 CEST.

Flavor Version Tinstall Tcheck Ttotal Status Flags
r-devel-linux-x86_64-debian-clang 1.3.8 19.55 115.10 134.65 NOTE
r-devel-linux-x86_64-debian-gcc 1.3.8 14.28 83.27 97.55 NOTE
r-devel-linux-x86_64-fedora-clang 1.3.8 200.12 OK
r-devel-linux-x86_64-fedora-gcc 1.3.8 193.77 OK
r-devel-windows-x86_64 1.3.8 22.00 114.00 136.00 OK
r-patched-linux-x86_64 1.3.8 18.58 107.99 126.57 OK
r-release-linux-x86_64 1.3.8 18.15 107.12 125.27 OK
r-release-macos-arm64 1.3.8 57.00 OK
r-release-macos-x86_64 1.3.8 126.00 OK
r-release-windows-x86_64 1.3.8 24.00 114.00 138.00 OK
r-oldrel-macos-arm64 1.3.8 56.00 OK
r-oldrel-macos-x86_64 1.3.8 112.00 OK
r-oldrel-windows-x86_64 1.3.8 30.00 146.00 176.00 OK

Check Details

Version: 1.3.8
Check: CRAN incoming feasibility
Result: NOTE Maintainer: ‘Angelo Mazza <a.mazza@unict.it>’ No Authors@R field in DESCRIPTION. Please add one, modifying Authors@R: c(person(given = "Antonio", family = "Punzo", role = "aut"), person(given = "Angelo", family = "Mazza", role = c("aut", "cre"), email = "a.mazza@unict.it"), person(given = c("Paul", "D."), family = "McNicholas", role = "aut")) as necessary. Flavors: r-devel-linux-x86_64-debian-clang, r-devel-linux-x86_64-debian-gcc