Last updated on 2025-04-29 01:49:29 CEST.
Flavor | Version | Tinstall | Tcheck | Ttotal | Status | Flags |
---|---|---|---|---|---|---|
r-devel-linux-x86_64-debian-clang | 1.0 | 3.43 | 78.25 | 81.68 | OK | |
r-devel-linux-x86_64-debian-gcc | 1.0 | 2.00 | 55.55 | 57.55 | NOTE | |
r-devel-linux-x86_64-fedora-clang | 1.0 | 127.24 | NOTE | |||
r-devel-linux-x86_64-fedora-gcc | 1.0 | 140.76 | NOTE | |||
r-devel-windows-x86_64 | 1.0 | 4.00 | 91.00 | 95.00 | OK | |
r-patched-linux-x86_64 | 1.0 | 3.06 | 76.06 | 79.12 | OK | |
r-release-linux-x86_64 | 1.0 | 3.42 | 73.84 | 77.26 | OK | |
r-release-macos-arm64 | 1.0 | 50.00 | OK | |||
r-release-macos-x86_64 | 1.0 | 97.00 | OK | |||
r-release-windows-x86_64 | 1.0 | 4.00 | 92.00 | 96.00 | OK | |
r-oldrel-macos-arm64 | 1.0 | 44.00 | OK | |||
r-oldrel-macos-x86_64 | 1.0 | 67.00 | OK | |||
r-oldrel-windows-x86_64 | 1.0 | 6.00 | 114.00 | 120.00 | OK |
Version: 1.0
Check: CRAN incoming feasibility
Result: NOTE
Maintainer: ‘Yachong Yang <yachong@wharton.upenn.edu>’
The Description field contains
<arxiv:2104.13871>.
Please refer to arXiv e-prints via their arXiv DOI <doi:10.48550/arXiv.YYMM.NNNNN>.
Flavor: r-devel-linux-x86_64-debian-gcc
Version: 1.0
Check: dependencies in R code
Result: NOTE
Namespace in Imports field not imported from: ‘mvtnorm’
All declared Imports should be used.
Flavors: r-devel-linux-x86_64-fedora-clang, r-devel-linux-x86_64-fedora-gcc