Last updated on 2025-06-30 12:48:35 CEST.
Flavor | Version | Tinstall | Tcheck | Ttotal | Status | Flags |
---|---|---|---|---|---|---|
r-devel-linux-x86_64-debian-clang | 0.3.0 | 3.12 | 37.06 | 40.18 | NOTE | |
r-devel-linux-x86_64-debian-gcc | 0.3.0 | 2.24 | 28.25 | 30.49 | NOTE | |
r-devel-linux-x86_64-fedora-clang | 0.3.0 | 64.76 | OK | |||
r-devel-linux-x86_64-fedora-gcc | 0.3.0 | 77.13 | OK | |||
r-devel-windows-x86_64 | 0.3.0 | 5.00 | 62.00 | 67.00 | OK | |
r-patched-linux-x86_64 | OK | |||||
r-release-linux-x86_64 | 0.3.0 | 3.08 | 35.87 | 38.95 | OK | |
r-release-macos-arm64 | 0.3.0 | 33.00 | OK | |||
r-release-macos-x86_64 | 0.3.0 | 50.00 | OK | |||
r-release-windows-x86_64 | 0.3.0 | 4.00 | 56.00 | 60.00 | OK | |
r-oldrel-macos-arm64 | 0.3.0 | 28.00 | OK | |||
r-oldrel-macos-x86_64 | 0.3.0 | 41.00 | OK | |||
r-oldrel-windows-x86_64 | 0.3.0 | 5.00 | 65.00 | 70.00 | OK |
Version: 0.3.0
Check: CRAN incoming feasibility
Result: NOTE
Maintainer: ‘Krishanu Mukherjee <toton1181@gmail.com>’
No Authors@R field in DESCRIPTION.
Please add one, modifying
Authors@R: person(given = "Krishanu",
family = "Mukherjee",
role = c("aut", "cre"),
email = "toton1181@gmail.com")
as necessary.
Flavors: r-devel-linux-x86_64-debian-clang, r-devel-linux-x86_64-debian-gcc