CRAN Package Check Results for Package ClussCluster

Last updated on 2025-05-22 13:50:47 CEST.

Flavor Version Tinstall Tcheck Ttotal Status Flags
r-devel-linux-x86_64-debian-clang 0.1.0 6.14 63.26 69.40 OK
r-devel-linux-x86_64-debian-gcc 0.1.0 4.10 46.30 50.40 OK
r-devel-linux-x86_64-fedora-clang 0.1.0 116.44 NOTE
r-devel-linux-x86_64-fedora-gcc 0.1.0 117.87 NOTE
r-devel-windows-x86_64 0.1.0 9.00 76.00 85.00 OK
r-patched-linux-x86_64 0.1.0 5.26 59.38 64.64 OK
r-release-linux-x86_64 0.1.0 5.38 58.70 64.08 OK
r-release-macos-arm64 0.1.0 50.00 OK
r-release-macos-x86_64 0.1.0 78.00 OK
r-release-windows-x86_64 0.1.0 8.00 140.00 148.00 OK
r-oldrel-macos-arm64 0.1.0 37.00 OK
r-oldrel-macos-x86_64 0.1.0 62.00 OK
r-oldrel-windows-x86_64 0.1.0 10.00 91.00 101.00 OK

Check Details

Version: 0.1.0
Check: dependencies in R code
Result: NOTE Namespace in Imports field not imported from: ‘utils’ All declared Imports should be used. Flavors: r-devel-linux-x86_64-fedora-clang, r-devel-linux-x86_64-fedora-gcc