CRAN Package Check Results for Package ClusPred

Last updated on 2025-07-21 01:49:00 CEST.

Flavor Version Tinstall Tcheck Ttotal Status Flags
r-devel-linux-x86_64-debian-clang 1.1.0 27.84 79.92 107.76 NOTE
r-devel-linux-x86_64-debian-gcc 1.1.0 18.06 60.03 78.09 NOTE
r-devel-linux-x86_64-fedora-clang 1.1.0 175.46 OK
r-devel-linux-x86_64-fedora-gcc 1.1.0 159.76 OK
r-devel-windows-x86_64 1.1.0 35.00 99.00 134.00 OK
r-patched-linux-x86_64 1.1.0 25.35 77.11 102.46 OK
r-release-linux-x86_64 1.1.0 25.86 76.69 102.55 OK
r-release-macos-arm64 1.1.0 48.00 OK
r-release-macos-x86_64 1.1.0 93.00 OK
r-release-windows-x86_64 1.1.0 35.00 100.00 135.00 OK
r-oldrel-macos-arm64 1.1.0 46.00 OK
r-oldrel-macos-x86_64 1.1.0 69.00 OK
r-oldrel-windows-x86_64 1.1.0 40.00 127.00 167.00 OK

Check Details

Version: 1.1.0
Check: CRAN incoming feasibility
Result: NOTE Maintainer: ‘Matthieu Marbac <matthieu.marbac-lourdelle@ensai.fr>’ The Description field contains Marbac et al. (2020) <arXiv:2012.14159> are implemented. Please refer to arXiv e-prints via their arXiv DOI <doi:10.48550/arXiv.YYMM.NNNNN>. Flavors: r-devel-linux-x86_64-debian-clang, r-devel-linux-x86_64-debian-gcc