Last updated on 2025-04-29 01:49:29 CEST.
Flavor | Version | Tinstall | Tcheck | Ttotal | Status | Flags |
---|---|---|---|---|---|---|
r-devel-linux-x86_64-debian-clang | 0.4.0 | 4.14 | 115.67 | 119.81 | OK | |
r-devel-linux-x86_64-debian-gcc | 0.4.0 | 2.94 | 78.92 | 81.86 | NOTE | |
r-devel-linux-x86_64-fedora-clang | 0.4.0 | 187.19 | OK | |||
r-devel-linux-x86_64-fedora-gcc | 0.4.0 | 201.04 | OK | |||
r-devel-windows-x86_64 | 0.4.0 | 6.00 | 109.00 | 115.00 | OK | |
r-patched-linux-x86_64 | 0.4.0 | 3.83 | 110.54 | 114.37 | OK | |
r-release-linux-x86_64 | 0.4.0 | 3.79 | 111.70 | 115.49 | OK | |
r-release-macos-arm64 | 0.4.0 | 55.00 | OK | |||
r-release-macos-x86_64 | 0.4.0 | 98.00 | OK | |||
r-release-windows-x86_64 | 0.4.0 | 5.00 | 112.00 | 117.00 | OK | |
r-oldrel-macos-arm64 | 0.4.0 | 49.00 | OK | |||
r-oldrel-macos-x86_64 | 0.4.0 | 80.00 | OK | |||
r-oldrel-windows-x86_64 | 0.4.0 | 7.00 | 135.00 | 142.00 | OK |
Version: 0.4.0
Check: CRAN incoming feasibility
Result: NOTE
Maintainer: ‘Jens Lange <lange.jens@outlook.com>’
Package CITATION file contains call(s) to old-style citEntry(). Please
use bibentry() instead.
Flavor: r-devel-linux-x86_64-debian-gcc