Last updated on 2025-04-29 01:49:29 CEST.
Flavor | Version | Tinstall | Tcheck | Ttotal | Status | Flags |
---|---|---|---|---|---|---|
r-devel-linux-x86_64-debian-clang | 0.2-6 | 3.63 | 29.29 | 32.92 | NOTE | |
r-devel-linux-x86_64-debian-gcc | 0.2-6 | 2.57 | 22.60 | 25.17 | NOTE | |
r-devel-linux-x86_64-fedora-clang | 0.2-6 | 51.57 | NOTE | |||
r-devel-linux-x86_64-fedora-gcc | 0.2-6 | 52.21 | NOTE | |||
r-devel-windows-x86_64 | 0.2-6 | 4.00 | 56.00 | 60.00 | NOTE | |
r-patched-linux-x86_64 | 0.2-6 | 3.71 | 28.58 | 32.29 | NOTE | |
r-release-linux-x86_64 | 0.2-6 | 3.13 | 28.65 | 31.78 | NOTE | |
r-release-macos-arm64 | 0.2-6 | 20.00 | NOTE | |||
r-release-macos-x86_64 | 0.2-6 | 40.00 | NOTE | |||
r-release-windows-x86_64 | 0.2-6 | 5.00 | 58.00 | 63.00 | NOTE | |
r-oldrel-macos-arm64 | 0.2-6 | 25.00 | NOTE | |||
r-oldrel-macos-x86_64 | 0.2-6 | 28.00 | NOTE | |||
r-oldrel-windows-x86_64 | 0.2-6 | 5.00 | 61.00 | 66.00 | NOTE |
Version: 0.2-6
Check: Rd files
Result: NOTE
checkRd: (-1) rstable.Rd:42: Lost braces
42 | Lo\"{g}ae\"{v}e, M. (1977). Probability Theory I. (fourth edition) Springer-Verlag, New York.
| ^
checkRd: (-1) rstable.Rd:42: Lost braces
42 | Lo\"{g}ae\"{v}e, M. (1977). Probability Theory I. (fourth edition) Springer-Verlag, New York.
| ^
Flavors: r-devel-linux-x86_64-debian-clang, r-devel-linux-x86_64-debian-gcc, r-devel-linux-x86_64-fedora-clang, r-devel-linux-x86_64-fedora-gcc, r-devel-windows-x86_64, r-patched-linux-x86_64, r-release-linux-x86_64, r-release-macos-arm64, r-release-macos-x86_64, r-release-windows-x86_64, r-oldrel-macos-arm64, r-oldrel-macos-x86_64, r-oldrel-windows-x86_64
Version: 0.2-6
Check: Rd cross-references
Result: NOTE
Found the following Rd file(s) with Rd \link{} targets missing package
anchors:
circ.plot.Rd: eqscplot
Please provide package anchors for all Rd \link{} targets not in the
package itself and the base packages.
Flavors: r-devel-linux-x86_64-debian-clang, r-devel-linux-x86_64-debian-gcc, r-devel-windows-x86_64, r-patched-linux-x86_64, r-release-linux-x86_64, r-release-windows-x86_64
Version: 0.2-6
Check: CRAN incoming feasibility
Result: NOTE
Maintainer: ‘Claudio Agostinelli <claudio.agostinelli@unitn.it>’
No Authors@R field in DESCRIPTION.
Please add one, modifying
Authors@R: c(person(given = c("S-plus", "original", "by", "Ulric"),
family = "Lund",
role = "aut",
email = "ulund@calpoly.edu"),
person(given = c("R", "port", "by", "Claudio"),
family = "Agostinelli",
role = "aut",
email = "claudio.agostinelli@unitn.it"),
person(given = "Claudio",
family = "Agostinelli",
role = "cre",
email = "claudio.agostinelli@unitn.it"))
as necessary.
Flavor: r-devel-linux-x86_64-debian-gcc