Last updated on 2025-05-19 12:49:59 CEST.
Flavor | Version | Tinstall | Tcheck | Ttotal | Status | Flags |
---|---|---|---|---|---|---|
r-devel-linux-x86_64-debian-clang | 1.1-1 | 106.12 | 266.03 | 372.15 | NOTE | |
r-devel-linux-x86_64-debian-gcc | 1.1-1 | 62.35 | 159.22 | 221.57 | NOTE | |
r-devel-linux-x86_64-fedora-clang | 1.1-1 | 630.46 | OK | |||
r-devel-linux-x86_64-fedora-gcc | 1.1-1 | 574.45 | OK | |||
r-devel-windows-x86_64 | 1.1-1 | 88.00 | 190.00 | 278.00 | OK | |
r-patched-linux-x86_64 | 1.1-1 | 110.88 | 242.31 | 353.19 | OK | |
r-release-linux-x86_64 | 1.1-1 | 108.34 | 239.18 | 347.52 | OK | |
r-release-macos-arm64 | 1.1-1 | 112.00 | OK | |||
r-release-macos-x86_64 | 1.1-1 | 289.00 | OK | |||
r-release-windows-x86_64 | 1.1-1 | 88.00 | 196.00 | 284.00 | OK | |
r-oldrel-macos-arm64 | 1.1-1 | 108.00 | OK | |||
r-oldrel-macos-x86_64 | 1.1-1 | 206.00 | OK | |||
r-oldrel-windows-x86_64 | 1.1-1 | 98.00 | 259.00 | 357.00 | OK |
Version: 1.1-1
Check: CRAN incoming feasibility
Result: NOTE
Maintainer: ‘Ruben H. Roa-Ureta <ruben.roa.ureta@mail.com>’
No Authors@R field in DESCRIPTION.
Please add one, modifying
Authors@R: person(given = c("Ruben", "H."),
family = "Roa-Ureta",
role = c("aut", "cre"),
email = "ruben.roa.ureta@mail.com")
as necessary.
Package CITATION file contains call(s) to old-style personList() or
as.personList(). Please use c() on person objects instead.
Package CITATION file contains call(s) to old-style citEntry(). Please
use bibentry() instead.
Flavors: r-devel-linux-x86_64-debian-clang, r-devel-linux-x86_64-debian-gcc