Last updated on 2025-05-19 01:49:48 CEST.
Flavor | Version | Tinstall | Tcheck | Ttotal | Status | Flags |
---|---|---|---|---|---|---|
r-devel-linux-x86_64-debian-clang | 1.4 | 1.89 | 21.01 | 22.90 | NOTE | |
r-devel-linux-x86_64-debian-gcc | 1.4 | 1.56 | 17.27 | 18.83 | NOTE | |
r-devel-linux-x86_64-fedora-clang | 1.4 | 31.91 | OK | |||
r-devel-linux-x86_64-fedora-gcc | 1.4 | 30.76 | OK | |||
r-devel-windows-x86_64 | 1.4 | 4.00 | 38.00 | 42.00 | OK | |
r-patched-linux-x86_64 | 1.4 | 1.90 | 18.89 | 20.79 | OK | |
r-release-linux-x86_64 | 1.4 | 1.75 | 18.95 | 20.70 | OK | |
r-release-macos-arm64 | 1.4 | 16.00 | OK | |||
r-release-macos-x86_64 | 1.4 | 28.00 | OK | |||
r-release-windows-x86_64 | 1.4 | 2.00 | 38.00 | 40.00 | OK | |
r-oldrel-macos-arm64 | 1.4 | 18.00 | OK | |||
r-oldrel-macos-x86_64 | 1.4 | 22.00 | OK | |||
r-oldrel-windows-x86_64 | 1.4 | 3.00 | 39.00 | 42.00 | OK |
Version: 1.4
Check: CRAN incoming feasibility
Result: NOTE
Maintainer: ‘Frederic Bertrand <frederic.bertrand@utt.fr>’
Package CITATION file contains call(s) to old-style personList() or
as.personList(). Please use c() on person objects instead.
Package CITATION file contains call(s) to old-style citEntry(). Please
use bibentry() instead.
Flavors: r-devel-linux-x86_64-debian-clang, r-devel-linux-x86_64-debian-gcc