Last updated on 2025-04-29 01:49:28 CEST.
Flavor | Version | Tinstall | Tcheck | Ttotal | Status | Flags |
---|---|---|---|---|---|---|
r-devel-linux-x86_64-debian-clang | 0.2.1 | 6.77 | 45.08 | 51.85 | OK | |
r-devel-linux-x86_64-debian-gcc | 0.2.1 | 4.67 | 34.26 | 38.93 | OK | |
r-devel-linux-x86_64-fedora-clang | 0.2.1 | 76.36 | OK | |||
r-devel-linux-x86_64-fedora-gcc | 0.2.1 | 75.61 | OK | |||
r-devel-windows-x86_64 | 0.2.1 | 9.00 | 66.00 | 75.00 | OK | |
r-patched-linux-x86_64 | 0.2.1 | 6.77 | 42.34 | 49.11 | OK | |
r-release-linux-x86_64 | 0.2.1 | 7.34 | 42.66 | 50.00 | OK | |
r-release-macos-arm64 | 0.2.1 | 29.00 | OK | |||
r-release-macos-x86_64 | 0.2.1 | 51.00 | OK | |||
r-release-windows-x86_64 | 0.2.1 | 13.00 | 64.00 | 77.00 | OK | |
r-oldrel-macos-arm64 | 0.2.1 | 28.00 | NOTE | |||
r-oldrel-macos-x86_64 | 0.2.1 | 68.00 | NOTE | |||
r-oldrel-windows-x86_64 | 0.2.1 | 14.00 | 73.00 | 87.00 | NOTE |
Version: 0.2.1
Check: installed package size
Result: NOTE
installed size is 6.2Mb
sub-directories of 1Mb or more:
entry_level 1.7Mb
virtual_patient_simulator 3.1Mb
Flavors: r-oldrel-macos-arm64, r-oldrel-macos-x86_64, r-oldrel-windows-x86_64