Last updated on 2025-07-20 12:49:22 CEST.
Flavor | Version | Tinstall | Tcheck | Ttotal | Status | Flags |
---|---|---|---|---|---|---|
r-devel-linux-x86_64-debian-clang | 1.3 | 4.28 | 65.14 | 69.42 | OK | |
r-devel-linux-x86_64-debian-gcc | 1.3 | 3.65 | 45.21 | 48.86 | OK | |
r-devel-linux-x86_64-fedora-clang | 1.3 | 109.31 | OK | |||
r-devel-linux-x86_64-fedora-gcc | 1.3 | 107.13 | OK | |||
r-devel-windows-x86_64 | 1.3 | 7.00 | 79.00 | 86.00 | OK | |
r-patched-linux-x86_64 | 1.3 | 5.03 | 59.90 | 64.93 | OK | |
r-release-linux-x86_64 | 1.3 | 5.20 | 58.18 | 63.38 | OK | |
r-release-macos-arm64 | 1.3 | 38.00 | OK | |||
r-release-macos-x86_64 | 1.3 | 61.00 | OK | |||
r-release-windows-x86_64 | 1.3 | 7.00 | 78.00 | 85.00 | OK | |
r-oldrel-macos-arm64 | 1.3 | 37.00 | OK | |||
r-oldrel-macos-x86_64 | 1.3 | 92.00 | NOTE | |||
r-oldrel-windows-x86_64 | 1.3 | 9.00 | 93.00 | 102.00 | OK |
Version: 1.3
Check: installed package size
Result: NOTE
installed size is 5.3Mb
sub-directories of 1Mb or more:
data 4.7Mb
Flavor: r-oldrel-macos-x86_64