CRAN Package Check Results for Package CPC

Last updated on 2025-02-22 00:49:42 CET.

Flavor Version Tinstall Tcheck Ttotal Status Flags
r-devel-linux-x86_64-debian-clang 2.6.0 2.87 26.55 29.42 NOTE
r-devel-linux-x86_64-debian-gcc 2.6.0 1.96 20.56 22.52 NOTE
r-devel-linux-x86_64-fedora-clang 2.6.0 48.81 OK
r-devel-linux-x86_64-fedora-gcc 2.6.0 43.77 OK
r-devel-macos-arm64 2.6.0 22.00 OK
r-devel-macos-x86_64 2.6.0 30.00 OK
r-devel-windows-x86_64 2.6.0 4.00 47.00 51.00 NOTE
r-patched-linux-x86_64 2.6.0 5.91 24.90 30.81 OK
r-release-linux-x86_64 2.6.0 2.67 24.97 27.64 OK
r-release-macos-arm64 2.6.0 19.00 OK
r-release-macos-x86_64 2.6.0 25.00 OK
r-release-windows-x86_64 2.6.0 4.00 47.00 51.00 OK
r-oldrel-macos-arm64 2.6.0 24.00 OK
r-oldrel-macos-x86_64 2.6.0 32.00 OK
r-oldrel-windows-x86_64 2.6.0 5.00 63.00 68.00 OK

Check Details

Version: 2.6.0
Check: Rd cross-references
Result: NOTE Found the following Rd file(s) with Rd \link{} targets missing package anchors: CPC.Rd: diana, pam, dbscan Please provide package anchors for all Rd \link{} targets not in the package itself and the base packages. Flavors: r-devel-linux-x86_64-debian-clang, r-devel-linux-x86_64-debian-gcc, r-devel-windows-x86_64