Last updated on 2025-05-19 01:49:50 CEST.
Flavor | Version | Tinstall | Tcheck | Ttotal | Status | Flags |
---|---|---|---|---|---|---|
r-devel-linux-x86_64-debian-clang | 0.1.0 | 24.28 | 81.22 | 105.50 | OK | |
r-devel-linux-x86_64-debian-gcc | 0.1.0 | 17.01 | 45.47 | 62.48 | OK | |
r-devel-linux-x86_64-fedora-clang | 0.1.0 | 173.80 | NOTE | |||
r-devel-linux-x86_64-fedora-gcc | 0.1.0 | 150.77 | NOTE | |||
r-devel-windows-x86_64 | 0.1.0 | 30.00 | 119.00 | 149.00 | OK | |
r-patched-linux-x86_64 | 0.1.0 | 25.10 | 62.29 | 87.39 | OK | |
r-release-linux-x86_64 | 0.1.0 | 23.72 | 62.62 | 86.34 | OK | |
r-release-macos-arm64 | 0.1.0 | 57.00 | OK | |||
r-release-macos-x86_64 | 0.1.0 | 150.00 | OK | |||
r-release-windows-x86_64 | 0.1.0 | 31.00 | 120.00 | 151.00 | OK | |
r-oldrel-macos-arm64 | 0.1.0 | 49.00 | OK | |||
r-oldrel-macos-x86_64 | 0.1.0 | 82.00 | OK | |||
r-oldrel-windows-x86_64 | 0.1.0 | 36.00 | 142.00 | 178.00 | OK |
Version: 0.1.0
Check: dependencies in R code
Result: NOTE
Namespaces in Imports field not imported from:
‘Rdpack’ ‘grDevices’
All declared Imports should be used.
Flavors: r-devel-linux-x86_64-fedora-clang, r-devel-linux-x86_64-fedora-gcc