CRAN Package Check Results for Package CMF

Last updated on 2025-04-29 13:51:19 CEST.

Flavor Version Tinstall Tcheck Ttotal Status Flags
r-devel-linux-x86_64-debian-clang 1.0.3 6.16 22.82 28.98 NOTE
r-devel-linux-x86_64-debian-gcc 1.0.3 5.16 18.10 23.26 NOTE
r-devel-linux-x86_64-fedora-clang 1.0.3 48.97 OK
r-devel-linux-x86_64-fedora-gcc 1.0.3 47.87 OK
r-devel-windows-x86_64 1.0.3 10.00 46.00 56.00 OK
r-patched-linux-x86_64 1.0.3 7.08 20.56 27.64 OK
r-release-linux-x86_64 1.0.3 6.22 20.71 26.93 OK
r-release-macos-arm64 1.0.3 18.00 OK
r-release-macos-x86_64 1.0.3 45.00 OK
r-release-windows-x86_64 1.0.3 9.00 50.00 59.00 OK
r-oldrel-macos-arm64 1.0.3 23.00 OK
r-oldrel-macos-x86_64 1.0.3 37.00 OK
r-oldrel-windows-x86_64 1.0.3 10.00 53.00 63.00 OK

Additional issues

rchk

Check Details

Version: 1.0.3
Check: CRAN incoming feasibility
Result: NOTE Maintainer: ‘Felix Held <felix.held@gmail.com>’ The Description field contains al. (2014) <arXiv:1312.5921>. The package can also be used to learn Please refer to arXiv e-prints via their arXiv DOI <doi:10.48550/arXiv.YYMM.NNNNN>. Flavors: r-devel-linux-x86_64-debian-clang, r-devel-linux-x86_64-debian-gcc