Last updated on 2024-07-13 12:48:11 CEST.
Flavor | Version | Tinstall | Tcheck | Ttotal | Status | Flags |
---|---|---|---|---|---|---|
r-devel-linux-x86_64-debian-clang | 0.1.0 | 31.99 | 325.15 | 357.14 | OK | |
r-devel-linux-x86_64-debian-gcc | 0.1.0 | 22.39 | 227.79 | 250.18 | OK | |
r-devel-linux-x86_64-fedora-clang | 0.1.0 | 416.20 | NOTE | |||
r-devel-linux-x86_64-fedora-gcc | 0.1.0 | 406.89 | OK | |||
r-devel-windows-x86_64 | 0.1.0 | 35.00 | 191.00 | 226.00 | NOTE | |
r-patched-linux-x86_64 | 0.1.0 | 35.07 | 312.48 | 347.55 | OK | |
r-release-linux-x86_64 | 0.1.0 | 31.98 | 309.87 | 341.85 | OK | |
r-release-macos-arm64 | 0.1.0 | 96.00 | NOTE | |||
r-release-macos-x86_64 | 0.1.0 | 154.00 | NOTE | |||
r-release-windows-x86_64 | 0.1.0 | 35.00 | 188.00 | 223.00 | NOTE | |
r-oldrel-macos-arm64 | 0.1.0 | 101.00 | NOTE | |||
r-oldrel-macos-x86_64 | 0.1.0 | 272.00 | NOTE | |||
r-oldrel-windows-x86_64 | 0.1.0 | 44.00 | 270.00 | 314.00 | NOTE |
Version: 0.1.0
Check: installed package size
Result: NOTE
installed size is 48.7Mb
sub-directories of 1Mb or more:
extdata 48.5Mb
Flavors: r-devel-linux-x86_64-fedora-clang, r-devel-windows-x86_64, r-release-macos-arm64, r-release-macos-x86_64, r-release-windows-x86_64, r-oldrel-macos-arm64, r-oldrel-macos-x86_64, r-oldrel-windows-x86_64