CRAN Package Check Results for Package CCAMLRGIS

Last updated on 2025-04-29 01:49:28 CEST.

Flavor Version Tinstall Tcheck Ttotal Status Flags
r-devel-linux-x86_64-debian-clang 4.2.1 29.77 249.52 279.29 OK
r-devel-linux-x86_64-debian-gcc 4.2.1 17.89 155.19 173.08 NOTE
r-devel-linux-x86_64-fedora-clang 4.2.1 438.08 OK
r-devel-linux-x86_64-fedora-gcc 4.2.1 461.61 OK
r-devel-windows-x86_64 4.2.1 27.00 211.00 238.00 OK
r-patched-linux-x86_64 4.2.1 29.09 232.57 261.66 OK
r-release-linux-x86_64 4.2.1 28.89 232.91 261.80 OK
r-release-macos-arm64 4.2.1 113.00 OK
r-release-macos-x86_64 4.2.1 218.00 OK
r-release-windows-x86_64 4.2.1 28.00 210.00 238.00 OK
r-oldrel-macos-arm64 4.2.1 101.00 OK
r-oldrel-macos-x86_64 4.2.1 229.00 OK
r-oldrel-windows-x86_64 4.2.1 38.00 279.00 317.00 OK

Check Details

Version: 4.2.1
Check: examples
Result: NOTE Examples with CPU (user + system) or elapsed time > 5s user system elapsed create_CircularArrow 4.22 0.033 5.555 Flavor: r-devel-linux-x86_64-debian-gcc