CRAN Package Check Results for Package CATTexact

Last updated on 2025-02-22 00:49:40 CET.

Flavor Version Tinstall Tcheck Ttotal Status Flags
r-devel-linux-x86_64-debian-clang 0.1.1 1.99 28.71 30.70 OK
r-devel-linux-x86_64-debian-gcc 0.1.1 1.45 21.79 23.24 OK
r-devel-linux-x86_64-fedora-clang 0.1.1 52.79 OK
r-devel-linux-x86_64-fedora-gcc 0.1.1 47.82 OK
r-devel-macos-arm64 0.1.1 20.00 OK
r-devel-macos-x86_64 0.1.1 40.00 OK
r-devel-windows-x86_64 0.1.1 4.00 68.00 72.00 OK
r-patched-linux-x86_64 0.1.1 2.02 26.08 28.10 NOTE
r-release-linux-x86_64 0.1.1 1.79 26.22 28.01 NOTE
r-release-macos-arm64 0.1.1 25.00 NOTE
r-release-macos-x86_64 0.1.1 36.00 NOTE
r-release-windows-x86_64 0.1.1 2.00 60.00 62.00 NOTE
r-oldrel-macos-arm64 0.1.1 23.00 NOTE
r-oldrel-macos-x86_64 0.1.1 32.00 NOTE
r-oldrel-windows-x86_64 0.1.1 3.00 58.00 61.00 NOTE

Check Details

Version: 0.1.1
Check: LazyData
Result: NOTE 'LazyData' is specified without a 'data' directory Flavors: r-patched-linux-x86_64, r-release-linux-x86_64, r-release-macos-arm64, r-release-macos-x86_64, r-release-windows-x86_64, r-oldrel-macos-arm64, r-oldrel-macos-x86_64, r-oldrel-windows-x86_64