Last updated on 2025-02-21 01:50:27 CET.
Flavor | Version | Tinstall | Tcheck | Ttotal | Status | Flags |
---|---|---|---|---|---|---|
r-devel-linux-x86_64-debian-clang | 4.0 | 102.55 | 250.66 | 353.21 | OK | |
r-devel-linux-x86_64-debian-gcc | 4.0 | 60.10 | 162.81 | 222.91 | OK | |
r-devel-linux-x86_64-fedora-clang | 4.0 | 621.02 | OK | |||
r-devel-linux-x86_64-fedora-gcc | 4.0 | 563.35 | OK | |||
r-devel-macos-arm64 | 4.0 | 148.00 | OK | |||
r-devel-macos-x86_64 | 4.0 | 324.00 | OK | |||
r-devel-windows-x86_64 | 4.0 | 70.00 | 248.00 | 318.00 | OK | |
r-patched-linux-x86_64 | 4.0 | 88.13 | 227.97 | 316.10 | OK | |
r-release-linux-x86_64 | 4.0 | 88.48 | 229.27 | 317.75 | OK | |
r-release-macos-arm64 | 4.0 | 133.00 | NOTE | |||
r-release-macos-x86_64 | 4.0 | 226.00 | NOTE | |||
r-release-windows-x86_64 | 4.0 | 70.00 | 240.00 | 310.00 | OK | |
r-oldrel-macos-arm64 | 4.0 | 176.00 | NOTE | |||
r-oldrel-macos-x86_64 | 4.0 | 298.00 | NOTE | |||
r-oldrel-windows-x86_64 | 4.0 | 102.00 | 330.00 | 432.00 | OK |
Version: 4.0
Check: installed package size
Result: NOTE
installed size is 8.1Mb
sub-directories of 1Mb or more:
R 1.0Mb
libs 5.9Mb
Flavors: r-release-macos-arm64, r-release-macos-x86_64, r-oldrel-macos-arm64, r-oldrel-macos-x86_64