CRAN Package Check Results for Package BoundaryStats

Last updated on 2025-04-29 01:49:28 CEST.

Flavor Version Tinstall Tcheck Ttotal Status Flags
r-devel-linux-x86_64-debian-clang 2.2.0 4.09 397.98 402.07 OK
r-devel-linux-x86_64-debian-gcc 2.2.0 2.82 288.14 290.96 NOTE
r-devel-linux-x86_64-fedora-clang 2.2.0 633.17 OK
r-devel-linux-x86_64-fedora-gcc 2.2.0 660.19 OK
r-devel-windows-x86_64 2.2.0 6.00 353.00 359.00 OK
r-patched-linux-x86_64 2.2.0 4.07 376.66 380.73 OK
r-release-linux-x86_64 2.2.0 3.32 378.58 381.90 OK
r-release-macos-arm64 2.2.0 148.00 OK
r-release-macos-x86_64 2.2.0 277.00 OK
r-release-windows-x86_64 2.2.0 6.00 339.00 345.00 OK
r-oldrel-macos-arm64 2.2.0 130.00 OK
r-oldrel-macos-x86_64 2.2.0 258.00 OK
r-oldrel-windows-x86_64 2.2.0 7.00 516.00 523.00 OK

Check Details

Version: 2.2.0
Check: examples
Result: NOTE Examples with CPU (user + system) or elapsed time > 5s user system elapsed mod_random_clust_sim 5.762 0.223 9.039 Flavor: r-devel-linux-x86_64-debian-gcc