Last updated on 2025-04-29 13:51:18 CEST.
Flavor | Version | Tinstall | Tcheck | Ttotal | Status | Flags |
---|---|---|---|---|---|---|
r-devel-linux-x86_64-debian-clang | 0.1 | 2.45 | 40.49 | 42.94 | NOTE | |
r-devel-linux-x86_64-debian-gcc | 0.1 | 1.70 | 30.14 | 31.84 | NOTE | |
r-devel-linux-x86_64-fedora-clang | 0.1 | 69.16 | OK | |||
r-devel-linux-x86_64-fedora-gcc | 0.1 | 69.53 | OK | |||
r-devel-windows-x86_64 | 0.1 | 4.00 | 57.00 | 61.00 | OK | |
r-patched-linux-x86_64 | 0.1 | 1.93 | 38.33 | 40.26 | OK | |
r-release-linux-x86_64 | 0.1 | 2.41 | 38.03 | 40.44 | OK | |
r-release-macos-arm64 | 0.1 | 22.00 | OK | |||
r-release-macos-x86_64 | 0.1 | 64.00 | OK | |||
r-release-windows-x86_64 | 0.1 | 4.00 | 57.00 | 61.00 | OK | |
r-oldrel-macos-arm64 | 0.1 | 25.00 | OK | |||
r-oldrel-macos-x86_64 | 0.1 | 52.00 | OK | |||
r-oldrel-windows-x86_64 | 0.1 | 4.00 | 56.00 | 60.00 | OK |
Version: 0.1
Check: CRAN incoming feasibility
Result: NOTE
Maintainer: ‘Samarendra Das <samarendra4849@gmail.com>’
No Authors@R field in DESCRIPTION.
Please add one, modifying
Authors@R: person(given = "Samarendra",
family = "Das",
role = c("aut", "cre"),
email = "samarendra4849@gmail.com")
as necessary.
Flavors: r-devel-linux-x86_64-debian-clang, r-devel-linux-x86_64-debian-gcc