CRAN Package Check Results for Package BoSSA

Last updated on 2025-04-29 13:51:18 CEST.

Flavor Version Tinstall Tcheck Ttotal Status Flags
r-devel-linux-x86_64-debian-clang 3.7 11.01 117.31 128.32 NOTE
r-devel-linux-x86_64-debian-gcc 3.7 9.43 86.83 96.26 NOTE
r-devel-linux-x86_64-fedora-clang 3.7 200.20 OK
r-devel-linux-x86_64-fedora-gcc 3.7 222.40 OK
r-devel-windows-x86_64 3.7 12.00 127.00 139.00 OK
r-patched-linux-x86_64 3.7 10.79 114.20 124.99 OK
r-release-linux-x86_64 3.7 11.18 112.95 124.13 OK
r-release-macos-arm64 3.7 80.00 OK
r-release-macos-x86_64 3.7 139.00 OK
r-release-windows-x86_64 3.7 12.00 140.00 152.00 OK
r-oldrel-macos-arm64 3.7 61.00 OK
r-oldrel-macos-x86_64 3.7 138.00 OK
r-oldrel-windows-x86_64 3.7 15.00 159.00 174.00 OK

Check Details

Version: 3.7
Check: CRAN incoming feasibility
Result: NOTE Maintainer: ‘Pierre Lefeuvre <pierre.lefeuvre@cirad.fr>’ No Authors@R field in DESCRIPTION. Please add one, modifying Authors@R: person(given = "Pierre", family = "Lefeuvre", role = c("aut", "cre"), email = "pierre.lefeuvre@cirad.fr") as necessary. Flavors: r-devel-linux-x86_64-debian-clang, r-devel-linux-x86_64-debian-gcc