Last updated on 2025-02-22 00:49:40 CET.
Flavor | Version | Tinstall | Tcheck | Ttotal | Status | Flags |
---|---|---|---|---|---|---|
r-devel-linux-x86_64-debian-clang | 1.0.3 | 12.33 | 67.18 | 79.51 | OK | |
r-devel-linux-x86_64-debian-gcc | 1.0.3 | 8.52 | 46.65 | 55.17 | OK | |
r-devel-linux-x86_64-fedora-clang | 1.0.3 | 126.78 | OK | |||
r-devel-linux-x86_64-fedora-gcc | 1.0.3 | 122.04 | OK | |||
r-devel-macos-arm64 | 1.0.3 | 43.00 | OK | |||
r-devel-macos-x86_64 | 1.0.3 | 92.00 | OK | |||
r-devel-windows-x86_64 | 1.0.3 | 13.00 | 81.00 | 94.00 | OK | |
r-patched-linux-x86_64 | 1.0.3 | 12.51 | 62.68 | 75.19 | NOTE | |
r-release-linux-x86_64 | 1.0.3 | 11.00 | 63.39 | 74.39 | NOTE | |
r-release-macos-arm64 | 1.0.3 | 39.00 | NOTE | |||
r-release-macos-x86_64 | 1.0.3 | 55.00 | NOTE | |||
r-release-windows-x86_64 | 1.0.3 | 12.00 | 78.00 | 90.00 | NOTE | |
r-oldrel-macos-arm64 | 1.0.3 | 37.00 | NOTE | |||
r-oldrel-macos-x86_64 | 1.0.3 | 70.00 | NOTE | |||
r-oldrel-windows-x86_64 | 1.0.3 | 11.00 | 98.00 | 109.00 | NOTE |
Version: 1.0.3
Check: LazyData
Result: NOTE
'LazyData' is specified without a 'data' directory
Flavors: r-patched-linux-x86_64, r-release-linux-x86_64, r-release-macos-arm64, r-release-macos-x86_64, r-release-windows-x86_64, r-oldrel-macos-arm64, r-oldrel-macos-x86_64, r-oldrel-windows-x86_64