Last updated on 2024-06-30 00:59:09 CEST.
Flavor | Version | Tinstall | Tcheck | Ttotal | Status | Flags |
---|---|---|---|---|---|---|
r-devel-linux-x86_64-debian-clang | 1.1.3 | 335.95 | 397.76 | 733.71 | OK | |
r-devel-linux-x86_64-debian-gcc | 1.1.3 | 290.38 | 416.80 | 707.18 | OK | |
r-devel-linux-x86_64-fedora-clang | 1.1.3 | 897.62 | NOTE | |||
r-devel-linux-x86_64-fedora-gcc | 1.1.3 | 1348.76 | NOTE | |||
r-devel-windows-x86_64 | 1.1.3 | 273.00 | 401.00 | 674.00 | NOTE | |
r-patched-linux-x86_64 | 1.1.3 | 0.01 | 2.48 | 2.49 | ERROR | |
r-release-linux-x86_64 | 1.1.3 | 281.57 | 485.81 | 767.38 | OK | |
r-release-macos-arm64 | 1.1.3 | 250.00 | NOTE | |||
r-release-macos-x86_64 | 1.1.3 | 345.00 | NOTE | |||
r-release-windows-x86_64 | 1.1.3 | 259.00 | 425.00 | 684.00 | NOTE | |
r-oldrel-macos-arm64 | 1.1.3 | 328.00 | NOTE | |||
r-oldrel-macos-x86_64 | 1.1.3 | 694.00 | NOTE | |||
r-oldrel-windows-x86_64 | 1.1.3 | 337.00 | 563.00 | 900.00 | NOTE |
Version: 1.1.3
Check: installed package size
Result: NOTE
installed size is 5.8Mb
sub-directories of 1Mb or more:
data 1.7Mb
libs 3.5Mb
Flavors: r-devel-linux-x86_64-fedora-clang, r-devel-windows-x86_64, r-release-macos-arm64, r-release-macos-x86_64, r-release-windows-x86_64, r-oldrel-macos-arm64, r-oldrel-macos-x86_64, r-oldrel-windows-x86_64
Version: 1.1.3
Check: for GNU extensions in Makefiles
Result: NOTE
GNU make is a SystemRequirements.
Flavors: r-devel-linux-x86_64-fedora-clang, r-devel-linux-x86_64-fedora-gcc, r-release-macos-arm64, r-release-macos-x86_64, r-oldrel-macos-arm64, r-oldrel-macos-x86_64
Version: 1.1.3
Check: whether package can be installed
Result: ERROR
Installation failed.
Flavor: r-patched-linux-x86_64