Last updated on 2025-04-29 01:49:27 CEST.
Flavor | Version | Tinstall | Tcheck | Ttotal | Status | Flags |
---|---|---|---|---|---|---|
r-devel-linux-x86_64-debian-clang | 0.0.0.3 | 13.63 | 150.48 | 164.11 | OK | |
r-devel-linux-x86_64-debian-gcc | 0.0.0.3 | 10.06 | 103.42 | 113.48 | NOTE | |
r-devel-linux-x86_64-fedora-clang | 0.0.0.3 | 254.42 | OK | |||
r-devel-linux-x86_64-fedora-gcc | 0.0.0.3 | 262.99 | OK | |||
r-devel-windows-x86_64 | 0.0.0.3 | 16.00 | 141.00 | 157.00 | OK | |
r-patched-linux-x86_64 | 0.0.0.3 | 14.68 | 146.46 | 161.14 | OK | |
r-release-linux-x86_64 | 0.0.0.3 | 14.47 | 143.98 | 158.45 | OK | |
r-release-macos-arm64 | 0.0.0.3 | 69.00 | OK | |||
r-release-macos-x86_64 | 0.0.0.3 | 161.00 | OK | |||
r-release-windows-x86_64 | 0.0.0.3 | 17.00 | 142.00 | 159.00 | OK | |
r-oldrel-macos-arm64 | 0.0.0.3 | 64.00 | OK | |||
r-oldrel-macos-x86_64 | 0.0.0.3 | 118.00 | OK | |||
r-oldrel-windows-x86_64 | 0.0.0.3 | 21.00 | 190.00 | 211.00 | OK |
Version: 0.0.0.3
Check: examples
Result: NOTE
Examples with CPU (user + system) or elapsed time > 5s
user system elapsed
continuous_ss_sdf 4.853 0.095 7.137
BayesianFM 4.326 0.044 5.064
dirac_ss_sdf_pvalue 4.036 0.051 6.048
Flavor: r-devel-linux-x86_64-debian-gcc