Last updated on 2025-02-22 00:49:39 CET.
Flavor | Version | Tinstall | Tcheck | Ttotal | Status | Flags |
---|---|---|---|---|---|---|
r-devel-linux-x86_64-debian-clang | 0.3.2 | 0.76 | 1.95 | 2.71 | ERROR | |
r-devel-linux-x86_64-debian-gcc | 0.3.2 | 4.40 | 133.78 | 138.18 | OK | |
r-devel-linux-x86_64-fedora-clang | 0.3.2 | 330.85 | NOTE | |||
r-devel-linux-x86_64-fedora-gcc | 0.3.2 | 317.38 | NOTE | |||
r-devel-macos-arm64 | 0.3.2 | 100.00 | OK | |||
r-devel-macos-x86_64 | 0.3.2 | 219.00 | OK | |||
r-devel-windows-x86_64 | 0.3.2 | 8.00 | 233.00 | 241.00 | OK | |
r-patched-linux-x86_64 | 0.3.2 | 5.34 | 185.94 | 191.28 | OK | |
r-release-linux-x86_64 | 0.3.2 | 5.04 | 183.16 | 188.20 | OK | |
r-release-macos-arm64 | 0.3.2 | 92.00 | OK | |||
r-release-macos-x86_64 | 0.3.2 | 136.00 | OK | |||
r-release-windows-x86_64 | 0.3.2 | 8.00 | 228.00 | 236.00 | OK | |
r-oldrel-macos-arm64 | 0.3.2 | 100.00 | OK | |||
r-oldrel-macos-x86_64 | 0.3.2 | 160.00 | OK | |||
r-oldrel-windows-x86_64 | 0.3.2 | 9.00 | 264.00 | 273.00 | OK |
Version: 0.3.2
Check: package dependencies
Result: ERROR
Package required but not available: ‘rstanarm’
See section ‘The DESCRIPTION file’ in the ‘Writing R Extensions’
manual.
Flavor: r-devel-linux-x86_64-debian-clang
Version: 0.3.2
Check: dependencies in R code
Result: NOTE
Namespaces in Imports field not imported from:
‘HDInterval’ ‘MCMCpack’ ‘R2WinBUGS’ ‘R2jags’ ‘carData’ ‘rjags’
All declared Imports should be used.
Flavors: r-devel-linux-x86_64-fedora-clang, r-devel-linux-x86_64-fedora-gcc