CRAN Package Check Results for Package BayesPieceHazSelect

Last updated on 2025-04-30 01:50:13 CEST.

Flavor Version Tinstall Tcheck Ttotal Status Flags
r-devel-linux-x86_64-debian-clang 1.1.0 7.96 40.48 48.44 OK
r-devel-linux-x86_64-debian-gcc 1.1.0 6.35 27.65 34.00 OK
r-devel-linux-x86_64-fedora-clang 1.1.0 78.48 OK
r-devel-linux-x86_64-fedora-gcc 1.1.0 83.43 OK
r-devel-windows-x86_64 1.1.0 8.00 63.00 71.00 OK
r-patched-linux-x86_64 1.1.0 7.80 38.52 46.32 OK
r-release-linux-x86_64 1.1.0 8.49 38.56 47.05 OK
r-release-macos-arm64 1.1.0 25.00 OK
r-release-macos-x86_64 1.1.0 71.00 OK
r-release-windows-x86_64 1.1.0 8.00 59.00 67.00 OK
r-oldrel-macos-arm64 1.1.0 28.00 NOTE
r-oldrel-macos-x86_64 1.1.0 40.00 NOTE
r-oldrel-windows-x86_64 1.1.0 9.00 67.00 76.00 NOTE

Check Details

Version: 1.1.0
Check: LazyData
Result: NOTE 'LazyData' is specified without a 'data' directory Flavors: r-oldrel-macos-arm64, r-oldrel-macos-x86_64, r-oldrel-windows-x86_64