Last updated on 2025-04-29 01:49:27 CEST.
Flavor | Version | Tinstall | Tcheck | Ttotal | Status | Flags |
---|---|---|---|---|---|---|
r-devel-linux-x86_64-debian-clang | 0.1.2 | 13.72 | 111.36 | 125.08 | OK | |
r-devel-linux-x86_64-debian-gcc | 0.1.2 | 9.68 | 83.51 | 93.19 | NOTE | |
r-devel-linux-x86_64-fedora-clang | 0.1.2 | 191.35 | OK | |||
r-devel-linux-x86_64-fedora-gcc | 0.1.2 | 194.42 | OK | |||
r-devel-windows-x86_64 | 0.1.2 | 14.00 | 112.00 | 126.00 | OK | |
r-patched-linux-x86_64 | 0.1.2 | 12.47 | 105.44 | 117.91 | OK | |
r-release-linux-x86_64 | 0.1.2 | 12.86 | 107.13 | 119.99 | OK | |
r-release-macos-arm64 | 0.1.2 | 56.00 | OK | |||
r-release-macos-x86_64 | 0.1.2 | 100.00 | OK | |||
r-release-windows-x86_64 | 0.1.2 | 14.00 | 114.00 | 128.00 | OK | |
r-oldrel-macos-arm64 | 0.1.2 | 56.00 | OK | |||
r-oldrel-macos-x86_64 | 0.1.2 | 101.00 | OK | |||
r-oldrel-windows-x86_64 | 0.1.2 | 20.00 | 142.00 | 162.00 | OK |
Version: 0.1.2
Check: CRAN incoming feasibility
Result: NOTE
Maintainer: ‘Chengxue Zhong <czhong9106@gmail.com>’
The Description field contains
(2021) <arXiv:2108.06568>.
Please refer to arXiv e-prints via their arXiv DOI <doi:10.48550/arXiv.YYMM.NNNNN>.
Flavor: r-devel-linux-x86_64-debian-gcc