Last updated on 2025-05-07 00:50:17 CEST.
Flavor | Version | Tinstall | Tcheck | Ttotal | Status | Flags |
---|---|---|---|---|---|---|
r-devel-linux-x86_64-debian-clang | 2.7.2 | 5.05 | 46.48 | 51.53 | NOTE | |
r-devel-linux-x86_64-debian-gcc | 2.7.2 | 3.39 | 30.30 | 33.69 | NOTE | |
r-devel-linux-x86_64-fedora-clang | 2.7.2 | 86.04 | OK | |||
r-devel-linux-x86_64-fedora-gcc | 2.7.2 | 85.77 | OK | |||
r-devel-windows-x86_64 | 2.7.2 | 5.00 | 59.00 | 64.00 | OK | |
r-patched-linux-x86_64 | 2.7.2 | 5.00 | 44.23 | 49.23 | OK | |
r-release-linux-x86_64 | 2.7.2 | 5.01 | 43.78 | 48.79 | OK | |
r-release-macos-arm64 | 2.7.2 | 25.00 | OK | |||
r-release-macos-x86_64 | 2.7.2 | 47.00 | OK | |||
r-release-windows-x86_64 | 2.7.2 | 5.00 | 59.00 | 64.00 | OK | |
r-oldrel-macos-arm64 | 2.7.2 | 28.00 | OK | |||
r-oldrel-macos-x86_64 | 2.7.2 | 37.00 | OK | |||
r-oldrel-windows-x86_64 | 2.7.2 | 5.00 | 59.00 | 64.00 | OK |
Version: 2.7.2
Check: CRAN incoming feasibility
Result: NOTE
Maintainer: ‘Ying Yuan <yyuan@mdanderson.org>’
No Authors@R field in DESCRIPTION.
Please add one, modifying
Authors@R: c(person(given = "Ying",
family = "Yuan",
role = c("aut", "cre"),
email = "yyuan@mdanderson.org"),
person(given = "Suyu",
family = "Liu",
role = "aut"))
as necessary.
Flavors: r-devel-linux-x86_64-debian-clang, r-devel-linux-x86_64-debian-gcc