CRAN Package Check Results for Package BLModel

Last updated on 2025-05-19 12:49:59 CEST.

Flavor Version Tinstall Tcheck Ttotal Status Flags
r-devel-linux-x86_64-debian-clang 1.0.2 1.82 20.80 22.62 OK
r-devel-linux-x86_64-debian-gcc 1.0.2 1.51 17.12 18.63 OK
r-devel-linux-x86_64-fedora-clang 1.0.2 35.80 OK
r-devel-linux-x86_64-fedora-gcc 1.0.2 34.13 OK
r-devel-windows-x86_64 1.0.2 3.00 48.00 51.00 OK
r-patched-linux-x86_64 1.0.2 2.03 20.33 22.36 OK
r-release-linux-x86_64 1.0.2 1.86 20.13 21.99 OK
r-release-macos-arm64 1.0.2 17.00 OK
r-release-macos-x86_64 1.0.2 27.00 OK
r-release-windows-x86_64 1.0.2 3.00 52.00 55.00 OK
r-oldrel-macos-arm64 1.0.2 20.00 NOTE
r-oldrel-macos-x86_64 1.0.2 27.00 NOTE
r-oldrel-windows-x86_64 1.0.2 4.00 51.00 55.00 NOTE

Check Details

Version: 1.0.2
Check: LazyData
Result: NOTE 'LazyData' is specified without a 'data' directory Flavors: r-oldrel-macos-arm64, r-oldrel-macos-x86_64, r-oldrel-windows-x86_64