Last updated on 2024-07-13 12:48:10 CEST.
Flavor | Version | Tinstall | Tcheck | Ttotal | Status | Flags |
---|---|---|---|---|---|---|
r-devel-linux-x86_64-debian-clang | 0.2.0 | 849.16 | 276.26 | 1125.42 | NOTE | |
r-devel-linux-x86_64-debian-gcc | 0.2.0 | 724.58 | 342.75 | 1067.33 | NOTE | |
r-devel-linux-x86_64-fedora-clang | 0.2.0 | 1425.18 | NOTE | |||
r-devel-linux-x86_64-fedora-gcc | 0.2.0 | 2127.53 | NOTE | |||
r-devel-windows-x86_64 | 0.2.0 | 677.00 | 323.00 | 1000.00 | NOTE | |
r-patched-linux-x86_64 | 0.2.0 | 577.78 | 433.54 | 1011.32 | NOTE | |
r-release-linux-x86_64 | 0.2.0 | 0.03 | 2.57 | 2.60 | ERROR | |
r-release-macos-arm64 | 0.2.0 | 350.00 | NOTE | |||
r-release-macos-x86_64 | 0.2.0 | 356.00 | NOTE | |||
r-release-windows-x86_64 | 0.2.0 | 674.00 | 340.00 | 1014.00 | NOTE | |
r-oldrel-macos-arm64 | 0.2.0 | 401.00 | NOTE | |||
r-oldrel-macos-x86_64 | 0.2.0 | 625.00 | NOTE | |||
r-oldrel-windows-x86_64 | 0.2.0 | 856.00 | 414.00 | 1270.00 | NOTE |
Version: 0.2.0
Check: for GNU extensions in Makefiles
Result: NOTE
GNU make is a SystemRequirements.
Flavors: r-devel-linux-x86_64-debian-clang, r-devel-linux-x86_64-debian-gcc, r-devel-linux-x86_64-fedora-clang, r-devel-linux-x86_64-fedora-gcc, r-devel-windows-x86_64, r-patched-linux-x86_64, r-release-macos-arm64, r-release-macos-x86_64, r-release-windows-x86_64, r-oldrel-macos-arm64, r-oldrel-macos-x86_64, r-oldrel-windows-x86_64
Version: 0.2.0
Check: installed package size
Result: NOTE
installed size is 7.7Mb
sub-directories of 1Mb or more:
libs 7.2Mb
Flavors: r-devel-linux-x86_64-fedora-clang, r-devel-windows-x86_64, r-release-macos-arm64, r-release-macos-x86_64, r-release-windows-x86_64, r-oldrel-macos-arm64, r-oldrel-macos-x86_64, r-oldrel-windows-x86_64
Version: 0.2.0
Check: whether package can be installed
Result: ERROR
Installation failed.
Flavor: r-release-linux-x86_64