Last updated on 2025-04-29 01:49:27 CEST.
Flavor | Version | Tinstall | Tcheck | Ttotal | Status | Flags |
---|---|---|---|---|---|---|
r-devel-linux-x86_64-debian-clang | 2.0.1 | 5.80 | 88.79 | 94.59 | OK | |
r-devel-linux-x86_64-debian-gcc | 2.0.1 | 3.93 | 58.94 | 62.87 | NOTE | |
r-devel-linux-x86_64-fedora-clang | 2.0.1 | 155.71 | OK | |||
r-devel-linux-x86_64-fedora-gcc | 2.0.1 | 192.56 | OK | |||
r-devel-windows-x86_64 | 2.0.1 | 7.00 | 102.00 | 109.00 | OK | |
r-patched-linux-x86_64 | 2.0.1 | 6.92 | 88.68 | 95.60 | OK | |
r-release-linux-x86_64 | 2.0.1 | 5.64 | 85.09 | 90.73 | OK | |
r-release-macos-arm64 | 2.0.1 | 56.00 | OK | |||
r-release-macos-x86_64 | 2.0.1 | 180.00 | OK | |||
r-release-windows-x86_64 | 2.0.1 | 7.00 | 105.00 | 112.00 | OK | |
r-oldrel-macos-arm64 | 2.0.1 | 61.00 | OK | |||
r-oldrel-macos-x86_64 | 2.0.1 | 203.00 | OK | |||
r-oldrel-windows-x86_64 | 2.0.1 | 9.00 | 122.00 | 131.00 | OK |
Version: 2.0.1
Check: examples
Result: NOTE
Examples with CPU (user + system) or elapsed time > 5s
user system elapsed
bfi 6.033 0.008 6.872
surv.simulate 5.703 0.007 7.006
Flavor: r-devel-linux-x86_64-debian-gcc