Last updated on 2025-04-29 01:49:27 CEST.
Flavor | Version | Tinstall | Tcheck | Ttotal | Status | Flags |
---|---|---|---|---|---|---|
r-devel-linux-x86_64-debian-clang | 0.1.3 | 13.05 | 81.19 | 94.24 | OK | |
r-devel-linux-x86_64-debian-gcc | 0.1.3 | 7.58 | 55.04 | 62.62 | NOTE | |
r-devel-linux-x86_64-fedora-clang | 0.1.3 | 151.64 | OK | |||
r-devel-linux-x86_64-fedora-gcc | 0.1.3 | 166.41 | OK | |||
r-devel-windows-x86_64 | 0.1.3 | 13.00 | 83.00 | 96.00 | OK | |
r-patched-linux-x86_64 | 0.1.3 | 12.61 | 76.20 | 88.81 | OK | |
r-release-linux-x86_64 | 0.1.3 | 10.90 | 76.82 | 87.72 | OK | |
r-release-macos-arm64 | 0.1.3 | 55.00 | OK | |||
r-release-macos-x86_64 | 0.1.3 | 98.00 | OK | |||
r-release-windows-x86_64 | 0.1.3 | 15.00 | 89.00 | 104.00 | OK | |
r-oldrel-macos-arm64 | 0.1.3 | 43.00 | NOTE | |||
r-oldrel-macos-x86_64 | 0.1.3 | 71.00 | NOTE | |||
r-oldrel-windows-x86_64 | 0.1.3 | 17.00 | 105.00 | 122.00 | NOTE |
Version: 0.1.3
Check: CRAN incoming feasibility
Result: NOTE
Maintainer: ‘Manuel Wiesenfarth <m.wiesenfarth@dkfz.de>’
No Authors@R field in DESCRIPTION.
Please add one, modifying
Authors@R: c(person(given = "Annette",
family = "Kopp-Schneider",
role = "aut"),
person(given = "Manuel",
family = "Wiesenfarth",
role = c("aut", "cre"),
email = "m.wiesenfarth@dkfz.de"),
person(given = "Ulrich",
family = "Abel",
role = "aut"))
as necessary.
Package CITATION file contains call(s) to old-style personList() or
as.personList(). Please use c() on person objects instead.
Package CITATION file contains call(s) to old-style citEntry(). Please
use bibentry() instead.
Flavor: r-devel-linux-x86_64-debian-gcc
Version: 0.1.3
Check: LazyData
Result: NOTE
'LazyData' is specified without a 'data' directory
Flavors: r-oldrel-macos-arm64, r-oldrel-macos-x86_64, r-oldrel-windows-x86_64