Last updated on 2024-06-30 00:59:09 CEST.
Flavor | Version | Tinstall | Tcheck | Ttotal | Status | Flags |
---|---|---|---|---|---|---|
r-devel-linux-x86_64-debian-clang | 1.2 | 33.06 | 40.76 | 73.82 | NOTE | |
r-devel-linux-x86_64-debian-gcc | 1.2 | 23.01 | 30.31 | 53.32 | NOTE | |
r-devel-linux-x86_64-fedora-clang | 1.2 | 97.34 | NOTE | |||
r-devel-linux-x86_64-fedora-gcc | 1.2 | 101.29 | NOTE | |||
r-devel-windows-x86_64 | 1.2 | 26.00 | 72.00 | 98.00 | NOTE | |
r-patched-linux-x86_64 | 1.2 | 32.02 | 39.12 | 71.14 | NOTE | |
r-release-linux-x86_64 | 1.2 | 28.70 | 38.08 | 66.78 | NOTE | |
r-release-macos-arm64 | 1.2 | 27.00 | NOTE | |||
r-release-macos-x86_64 | 1.2 | 41.00 | NOTE | |||
r-release-windows-x86_64 | 1.2 | 26.00 | 73.00 | 99.00 | NOTE | |
r-oldrel-macos-arm64 | 1.2 | 33.00 | NOTE | |||
r-oldrel-macos-x86_64 | 1.2 | 46.00 | NOTE | |||
r-oldrel-windows-x86_64 | 1.2 | 32.00 | 84.00 | 116.00 | NOTE |
Version: 1.2
Check: C++ specification
Result: NOTE
Specified C++11: please drop specification unless essential
Flavors: r-devel-linux-x86_64-debian-clang, r-devel-linux-x86_64-debian-gcc, r-devel-linux-x86_64-fedora-clang, r-devel-linux-x86_64-fedora-gcc, r-devel-windows-x86_64, r-patched-linux-x86_64, r-release-linux-x86_64, r-release-macos-arm64, r-release-macos-x86_64, r-release-windows-x86_64, r-oldrel-macos-arm64, r-oldrel-macos-x86_64, r-oldrel-windows-x86_64
Version: 1.2
Check: Rd files
Result: NOTE
checkRd: (-1) gene_s.Rd:17: Lost braces; missing escapes or markup?
17 | giving the virus access to the cell and thus facilitating the COVID-19 disease. The gene sequence is mapped to the alphabet {0,1,2,3} via the obvious map A->0, C->1, G->2, T->3.
| ^
checkRd: (-1) sars_cov_2.Rd:16: Lost braces; missing escapes or markup?
16 | It consists of n = 29903 base pairs. The gene sequence is mapped to the alphabet {0,1,2,3} via the obvious map A->0, C->1, G->2, T->3.
| ^
Flavors: r-devel-linux-x86_64-debian-clang, r-devel-linux-x86_64-debian-gcc, r-devel-linux-x86_64-fedora-clang, r-devel-linux-x86_64-fedora-gcc, r-devel-windows-x86_64, r-patched-linux-x86_64, r-release-linux-x86_64, r-release-macos-arm64, r-release-macos-x86_64, r-release-windows-x86_64