CRAN Package Check Results for Package BCC1997

Last updated on 2025-02-22 00:49:39 CET.

Flavor Version Tinstall Tcheck Ttotal Status Flags
r-devel-linux-x86_64-debian-clang 0.1.1 1.89 16.42 18.31 OK
r-devel-linux-x86_64-debian-gcc 0.1.1 1.38 13.17 14.55 OK
r-devel-linux-x86_64-fedora-clang 0.1.1 28.82 OK
r-devel-linux-x86_64-fedora-gcc 0.1.1 28.14 OK
r-devel-macos-arm64 0.1.1 16.00 OK
r-devel-macos-x86_64 0.1.1 25.00 OK
r-devel-windows-x86_64 0.1.1 4.00 38.00 42.00 OK
r-patched-linux-x86_64 0.1.1 1.54 15.56 17.10 NOTE
r-release-linux-x86_64 0.1.1 1.48 15.80 17.28 NOTE
r-release-macos-arm64 0.1.1 19.00 NOTE
r-release-macos-x86_64 0.1.1 26.00 NOTE
r-release-windows-x86_64 0.1.1 3.00 36.00 39.00 NOTE
r-oldrel-macos-arm64 0.1.1 16.00 NOTE
r-oldrel-macos-x86_64 0.1.1 19.00 NOTE
r-oldrel-windows-x86_64 0.1.1 2.00 36.00 38.00 NOTE

Check Details

Version: 0.1.1
Check: LazyData
Result: NOTE 'LazyData' is specified without a 'data' directory Flavors: r-patched-linux-x86_64, r-release-linux-x86_64, r-release-macos-arm64, r-release-macos-x86_64, r-release-windows-x86_64, r-oldrel-macos-arm64, r-oldrel-macos-x86_64, r-oldrel-windows-x86_64