CRAN Package Check Results for Package AzureRMR

Last updated on 2025-07-21 01:48:59 CEST.

Flavor Version Tinstall Tcheck Ttotal Status Flags
r-devel-linux-x86_64-debian-clang 2.4.4 7.34 36.85 44.19 NOTE
r-devel-linux-x86_64-debian-gcc 2.4.4 4.48 28.79 33.27 NOTE
r-devel-linux-x86_64-fedora-clang 2.4.4 69.66 OK
r-devel-linux-x86_64-fedora-gcc 2.4.4 82.00 OK
r-devel-windows-x86_64 2.4.4 9.00 62.00 71.00 NOTE
r-patched-linux-x86_64 2.4.4 6.38 34.26 40.64 NOTE
r-release-linux-x86_64 2.4.4 7.49 34.12 41.61 NOTE
r-release-macos-arm64 2.4.4 39.00 OK
r-release-macos-x86_64 2.4.4 56.00 OK
r-release-windows-x86_64 2.4.4 9.00 60.00 69.00 NOTE
r-oldrel-macos-arm64 2.4.4 33.00 OK
r-oldrel-macos-x86_64 2.4.4 51.00 OK
r-oldrel-windows-x86_64 2.4.4 12.00 68.00 80.00 OK

Check Details

Version: 2.4.4
Check: Rd cross-references
Result: NOTE Found the following Rd file(s) with Rd \link{} targets missing package anchors: az_resource_group.Rd: AzureToken az_rm.Rd: AzureToken az_subscription.Rd: AzureToken azure_login.Rd: AzureToken call_azure.Rd: AzureToken utils.Rd: AzureToken Please provide package anchors for all Rd \link{} targets not in the package itself and the base packages. Flavors: r-devel-linux-x86_64-debian-clang, r-devel-linux-x86_64-debian-gcc, r-devel-windows-x86_64, r-patched-linux-x86_64, r-release-linux-x86_64, r-release-windows-x86_64