Last updated on 2025-05-19 01:49:46 CEST.
Flavor | Version | Tinstall | Tcheck | Ttotal | Status | Flags |
---|---|---|---|---|---|---|
r-devel-linux-x86_64-debian-clang | 1.0.6 | 9.96 | 29.22 | 39.18 | OK | |
r-devel-linux-x86_64-debian-gcc | 1.0.6 | 6.58 | 23.34 | 29.92 | OK | |
r-devel-linux-x86_64-fedora-clang | 1.0.6 | 64.65 | NOTE | |||
r-devel-linux-x86_64-fedora-gcc | 1.0.6 | 71.77 | NOTE | |||
r-devel-windows-x86_64 | 1.0.6 | 10.00 | 57.00 | 67.00 | OK | |
r-patched-linux-x86_64 | 1.0.6 | 8.98 | 27.20 | 36.18 | OK | |
r-release-linux-x86_64 | 1.0.6 | 9.01 | 27.02 | 36.03 | OK | |
r-release-macos-arm64 | 1.0.6 | 28.00 | OK | |||
r-release-macos-x86_64 | 1.0.6 | 51.00 | OK | |||
r-release-windows-x86_64 | 1.0.6 | 11.00 | 58.00 | 69.00 | OK | |
r-oldrel-macos-arm64 | 1.0.6 | 35.00 | OK | |||
r-oldrel-macos-x86_64 | 1.0.6 | 52.00 | OK | |||
r-oldrel-windows-x86_64 | 1.0.6 | 14.00 | 58.00 | 72.00 | OK |
Version: 1.0.6
Check: dependencies in R code
Result: NOTE
Namespaces in Imports field not imported from:
‘R6’ ‘jose’ ‘openssl’
All declared Imports should be used.
Flavors: r-devel-linux-x86_64-fedora-clang, r-devel-linux-x86_64-fedora-gcc