Last updated on 2025-02-22 00:49:38 CET.
Flavor | Version | Tinstall | Tcheck | Ttotal | Status | Flags |
---|---|---|---|---|---|---|
r-devel-linux-x86_64-debian-clang | 2.0.1 | 13.75 | 339.21 | 352.96 | NOTE | |
r-devel-linux-x86_64-debian-gcc | 2.0.1 | 8.58 | 200.36 | 208.94 | NOTE | |
r-devel-linux-x86_64-fedora-clang | 2.0.1 | 556.36 | NOTE | |||
r-devel-linux-x86_64-fedora-gcc | 2.0.1 | 592.99 | NOTE | |||
r-devel-macos-arm64 | 2.0.1 | 135.00 | OK | |||
r-devel-macos-x86_64 | 2.0.1 | 295.00 | OK | |||
r-devel-windows-x86_64 | 2.0.1 | 16.00 | 316.00 | 332.00 | OK | |
r-patched-linux-x86_64 | 2.0.1 | 13.10 | 313.35 | 326.45 | NOTE | |
r-release-linux-x86_64 | 2.0.1 | 13.49 | 310.63 | 324.12 | NOTE | |
r-release-macos-arm64 | 2.0.1 | 137.00 | OK | |||
r-release-macos-x86_64 | 2.0.1 | 224.00 | OK | |||
r-release-windows-x86_64 | 2.0.1 | 17.00 | 314.00 | 331.00 | OK | |
r-oldrel-macos-arm64 | 2.0.1 | 149.00 | OK | |||
r-oldrel-macos-x86_64 | 2.0.1 | 256.00 | OK | |||
r-oldrel-windows-x86_64 | 2.0.1 | 18.00 | 405.00 | 423.00 | OK |
Version: 2.0.1
Check: for non-standard things in the check directory
Result: NOTE
Found the following files/directories:
‘table_AeRobiology’
Flavors: r-devel-linux-x86_64-debian-clang, r-devel-linux-x86_64-debian-gcc, r-devel-linux-x86_64-fedora-clang, r-devel-linux-x86_64-fedora-gcc, r-patched-linux-x86_64, r-release-linux-x86_64