Last updated on 2025-04-29 01:49:26 CEST.
Flavor | Version | Tinstall | Tcheck | Ttotal | Status | Flags |
---|---|---|---|---|---|---|
r-devel-linux-x86_64-debian-clang | 2.0.1 | 13.10 | 334.29 | 347.39 | NOTE | |
r-devel-linux-x86_64-debian-gcc | 2.0.1 | 9.02 | 205.92 | 214.94 | NOTE | |
r-devel-linux-x86_64-fedora-clang | 2.0.1 | 589.05 | NOTE | |||
r-devel-linux-x86_64-fedora-gcc | 2.0.1 | 592.91 | NOTE | |||
r-devel-windows-x86_64 | 2.0.1 | 14.00 | 332.00 | 346.00 | OK | |
r-patched-linux-x86_64 | 2.0.1 | 14.54 | 324.33 | 338.87 | NOTE | |
r-release-linux-x86_64 | 2.0.1 | 13.46 | 321.14 | 334.60 | NOTE | |
r-release-macos-arm64 | 2.0.1 | 134.00 | OK | |||
r-release-macos-x86_64 | 2.0.1 | 287.00 | OK | |||
r-release-windows-x86_64 | 2.0.1 | 17.00 | 320.00 | 337.00 | OK | |
r-oldrel-macos-arm64 | 2.0.1 | 137.00 | OK | |||
r-oldrel-macos-x86_64 | 2.0.1 | 224.00 | OK | |||
r-oldrel-windows-x86_64 | 2.0.1 | 20.00 | 460.00 | 480.00 | OK |
Version: 2.0.1
Check: for non-standard things in the check directory
Result: NOTE
Found the following files/directories:
‘table_AeRobiology’
Flavors: r-devel-linux-x86_64-debian-clang, r-devel-linux-x86_64-debian-gcc, r-devel-linux-x86_64-fedora-clang, r-devel-linux-x86_64-fedora-gcc, r-patched-linux-x86_64, r-release-linux-x86_64
Version: 2.0.1
Check: CRAN incoming feasibility
Result: NOTE
Maintainer: ‘"Jose Oteros" <OterosJose@gmail.com>’
No Authors@R field in DESCRIPTION.
Please add one, modifying
Authors@R: c(person(given = "Jesus",
family = "Rojo",
role = "aut",
email = "Jesus.Rojo@uclm.es"),
person(given = "Antonio",
family = "Picornell",
role = "aut",
email = "picornell@uma.es"),
person(given = "Jose",
family = "Oteros",
role = "aut",
email = "OterosJose@gmail.com"),
person(given = "\"Jose",
family = "Oteros\"",
role = "cre",
email = "OterosJose@gmail.com"))
as necessary.
Package CITATION file contains call(s) to old-style personList() or
as.personList(). Please use c() on person objects instead.
Package CITATION file contains call(s) to old-style citEntry(). Please
use bibentry() instead.
Flavor: r-devel-linux-x86_64-debian-gcc