Last updated on 2025-04-29 01:49:27 CEST.
Flavor | Version | Tinstall | Tcheck | Ttotal | Status | Flags |
---|---|---|---|---|---|---|
r-devel-linux-x86_64-debian-clang | 1.0.0 | 5.54 | 80.63 | 86.17 | OK | |
r-devel-linux-x86_64-debian-gcc | 1.0.0 | 3.84 | 56.46 | 60.30 | NOTE | |
r-devel-linux-x86_64-fedora-clang | 1.0.0 | 138.59 | OK | |||
r-devel-linux-x86_64-fedora-gcc | 1.0.0 | 136.26 | OK | |||
r-devel-windows-x86_64 | 1.0.0 | 6.00 | 93.00 | 99.00 | OK | |
r-patched-linux-x86_64 | 1.0.0 | 5.30 | 77.99 | 83.29 | OK | |
r-release-linux-x86_64 | 1.0.0 | 5.05 | 77.93 | 82.98 | OK | |
r-release-macos-arm64 | 1.0.0 | 44.00 | OK | |||
r-release-macos-x86_64 | 1.0.0 | 88.00 | OK | |||
r-release-windows-x86_64 | 1.0.0 | 7.00 | 94.00 | 101.00 | OK | |
r-oldrel-macos-arm64 | 1.0.0 | 43.00 | OK | |||
r-oldrel-macos-x86_64 | 1.0.0 | 78.00 | OK | |||
r-oldrel-windows-x86_64 | 1.0.0 | 8.00 | 121.00 | 129.00 | OK |
Version: 1.0.0
Check: examples
Result: NOTE
Examples with CPU (user + system) or elapsed time > 5s
user system elapsed
ASpredict.as_train 5.188 0.326 6.601
figure_comparison.as_data 4.635 0.026 5.640
boxplots.as_data 4.406 0.034 5.119
Flavor: r-devel-linux-x86_64-debian-gcc